s) = -8*s**3 + 14*s**2 - 5*s - 5. Let y(q) = 17*q**3 - 27*q**2 + 11*q + 11. Let x(g) = 5*m(g) + 3*y(g). What is the units digit of x(4)?
8
Suppose 9*z = -25*z + 157964. What is the units digit of z?
6
What is the thousands digit of (-1383)/(8/14 + (-74)/112*2)?
1
Let k = -21 + 23. Let f be 2/10*909 + (-1)/(-5). Suppose -n + 3*n = -4*g + 182, -k*n + 2*g = -f. What is the tens digit of n?
9
Suppose 8*q + 2*w = 128972, 80585 = 5*q - 33*w + 38*w. What is the hundreds digit of q?
1
Let r = 114055 - 42788. What is the ten thousands digit of r?
7
Let p = 15894 - 10395. What is the tens digit of p?
9
Let v be (-207)/(-30) + (-1)/(-10)*1. Suppose -36387 = -46*w + v*w. What is the tens digit of w?
3
Suppose -7*h - 8*h + 27720 = 0. Suppose -h = -3*x - 5*x. What is the tens digit of x?
3
Suppose 5066163 = 202*m - 10306713 + 3394074. What is the ten thousands digit of m?
5
Let l = 21709 - 10719. What is the units digit of l?
0
Let g(q) = -q**3 + 5*q**2 + 6*q + 12*q**2 + 0*q**3 + 18. Let s = 204 + -187. What is the tens digit of g(s)?
2
Let i be (12/(-72))/((-1)/2)*36. Suppose i*x = 3064 + 80. What is the units digit of x?
2
Let p(z) = 40*z**3 + 3*z**2 - 34*z + 60. Let q be p(7). Suppose 1080*l - 1089*l = -q. What is the units digit of l?
1
Let y(w) be the second derivative of 41/4*w**4 + 12*w + 0 + 0*w**3 - 1/2*w**2. What is the units digit of y(1)?
2
Let d be (131/(-3))/(3/(-27)). Suppose 0 = -5*v - 3*x - 961 + 307, -2*x = 3*v + d. What is the tens digit of (4/(-6))/(2/v)?
4
Let i = 28 + -43. Let a(y) = 4*y + 1. Let t(f) = 11*f + 24. Let q(d) = -6*a(d) + t(d). What is the tens digit of q(i)?
1
Suppose 464 + 684 = -41*b. What is the tens digit of (-1 - 516)/(b/56)?
3
Suppose 0 = -0*w - 3*w + 21. Let v(a) = -5*a + 12 + 5*a**2 + 19*a + 2*a - 27*a + 2*a. What is the tens digit of v(w)?
9
What is the thousands digit of 8 - ((-796)/(-50) - 16 - (-1766746)/(-50))?
5
Suppose -3*l = -g - 9 + 5, 5*g + 2*l + 3 = 0. What is the units digit of (g + 3)*10849/38?
1
Let a be 1/((-21)/6 + 3). Let u(x) = -138*x + 40. What is the hundreds digit of u(a)?
3
Let a(f) = 7*f**2 - 5*f**2 - f**3 + 2 + 2*f**2. Let y(i) = -5*i - 26. Let b be y(-6). What is the units digit of a(b)?
2
Let b = 17755 + 46668. What is the hundreds digit of b?
4
Let v be (-28)/(-42) - (-304)/3. Suppose -3*m + 240 = v. Suppose -2*x + m = -34. What is the units digit of x?
0
Suppose 2*d - 84 = -4*d. Let v be -1 - 27/(-21) - 60/d. What is the units digit of 4/(v/(-91)) - 3?
8
Let o(l) = 12*l**2 - 79*l + 265. What is the thousands digit of o(20)?
3
Let z be 3/(-18) + (-2162)/(-12). Suppose -10*f = -6*f + z. What is the tens digit of (2*4)/((-10)/f)?
3
Let n = 19 + -17. Suppose 224 = 3*w - 2*w. Suppose 0*o + o - n*d = 47, w = 5*o + d. What is the tens digit of o?
4
Let k = 289 + -414. Let f = k - -470. What is the units digit of f?
5
Let r(o) = 1312*o**3 - 8*o**2 - 6*o + 33. What is the units digit of r(2)?
5
Suppose 19*t - 18 = 21*t. Let d(z) = z**3 + 13*z**2 - 14*z - 19. What is the tens digit of d(t)?
3
Suppose 4*r - 46*u - 33720 = -45*u, 0 = -2*r + 5*u + 16878. What is the tens digit of r?
2
Suppose 0 = -i - 3*i + 3*l + 9, -5*i + 2*l + 6 = 0. Suppose -35*d + 33*d + 186 = i. Suppose 0*m + d = 3*m. What is the tens digit of m?
3
Let b(d) = -230*d + 10. Let j be b(-3). What is the units digit of 6/(-4)*j/(-6)?
5
What is the hundreds digit of 6/51 + 1904169/731?
6
Let q = -49 + 11. Suppose 3*c + c = 172. Let k = q + c. What is the units digit of k?
5
Let q be -2 + (1 + 3 - 0). Let n(m) = 6*m**2 + q*m - 4*m + 6*m**2 - 10 + m**3 - 3*m**2. What is the units digit of n(-9)?
8
Let y = -17 + 43. Let f = y + -23. Suppose 18 = f*t - 60. What is the units digit of t?
6
Let s(h) = 17*h**2 - 1 - 14*h - 2 + 3*h - h**3. Let f(u) = -u**2 - 67*u - 176. Let n be f(-64). What is the tens digit of s(n)?
7
Let f(j) = 2*j**2 + 8*j - 14. Let a = 24 - 8. Suppose 17*r - 21*r + a = 0. What is the tens digit of f(r)?
5
Let t(f) = -311 + 12*f + 618 - 308. Let j be t(1). Suppose p - j = 18. What is the units digit of p?
9
Suppose -3*y - 4*r - 157 = 0, -5*y - 5*r - 159 = 101. Let c = -53 - y. What is the units digit of 0 + (-42)/(6/c)?
4
Let o(h) = h**3 - h. Let c(f) = -48*f**3 - 6*f**2 + 3*f + 13. Let d(j) = -c(j) - 5*o(j). What is the hundreds digit of d(2)?
3
What is the units digit of 5 + (-15 - -4) - (-2613 - 12/4)?
0
Let h(m) = 18*m**2 - 11*m**2 + 5 - 5*m + 14*m**2 + 22 - 4*m. What is the units digit of h(7)?
3
What is the hundreds digit of -3*276498/(-270)*5?
3
What is the hundreds digit of 12/(-216) - (-1223593)/126?
7
Suppose -15273 = 10*n - 4983. Let d = n + 1662. What is the units digit of d?
3
Suppose 4*m - 44 = 5*q, 0 = m - 4*m - 2*q + 10. Suppose 195 = r - m*r. Let k = 114 + r. What is the units digit of k?
5
Let t(i) = -839*i + 7. Let g be t(-1). Suppose -6*z + g = -540. Suppose 4*a = 2*y - 148, -4*y + 0*a = 5*a - z. What is the units digit of y?
4
Let x be 0 + (2*-2)/((-2)/(-76)). Let v be (x/(-1 + -1))/((-8)/(-108)). What is the tens digit of 10/(-25) - v/(-15)?
6
What is the tens digit of 5 + (320/(-48))/(5/(-6))?
1
Suppose -5150 - 6490 = -4*z - 5*v, 5*z - 14550 = v. What is the thousands digit of z?
2
Let p be (40/(-15))/(-2)*12. Let s = -114 - -118. What is the tens digit of p/64 + 679/s?
7
Let t(f) = 4705*f**2 + 51*f + 50. What is the tens digit of t(-1)?
0
Suppose -2*s + 38901 = -t, -2*s - 250*t + 245*t = -38883. What is the thousands digit of s?
9
Let s be 87/1*(-2 - -1). Let l = -84 - s. Suppose -2*x - l*x + 190 = 0. What is the units digit of x?
8
Suppose -k = -2, -79*a + 2*k = -82*a + 35290. What is the units digit of a?
2
Suppose -789932 = -65*r + 26*r + 17*r. What is the tens digit of r?
0
Let b(n) = -25*n - 34. Let i(h) = -24*h - 33. Let t(u) = 3*b(u) - 4*i(u). What is the units digit of t(19)?
9
Let b(p) = 6*p**2 - 18*p - 7. Suppose 5*o + 4*u = 12, 0 = -5*o + u - 15 + 37. What is the units digit of b(o)?
7
Let k = 6 - 22. Let a be (44/k)/(1/(-4)). What is the units digit of 2/a - 854/(-22)?
9
Suppose -3*d - 130 = -5*i + d, -26 = -i + 5*d. Suppose 0 = 2*q + 2*o - 3656, i*q - 1824 = 25*q - 5*o. What is the units digit of q?
9
Let i(k) = 239*k + 1371. What is the hundreds digit of i(38)?
4
Suppose 35*p - 616652 + 82972 = 0. What is the ten thousands digit of p?
1
Let s = 6 + -24. Let h(y) = 2*y**2 + 10*y + 120. What is the hundreds digit of h(s)?
5
Suppose -o = 3*s + 27, 8*o + 3*s + 147 = 3*o. Let y = 1930 + -1935. Let v = y - o. What is the units digit of v?
5
Let h = 18716 + -13907. What is the thousands digit of h?
4
Let q(a) = 191*a**2 - 1439*a - 18. What is the thousands digit of q(16)?
5
Let o(n) = n**2 + 4*n + 4. Let r be o(-4). Suppose -2*m + 2 = -r. What is the hundreds digit of (265 - (1 + m)) + 3?
2
Let z(l) = l**2 + l - 282. Suppose 0 = 5*v - 2*x - 8, 2*v + 12 = -0*v - 3*x. Let k be z(v). What is the tens digit of (k/10)/(-2*2/20)?
4
Let r be (-8)/18 - (-1333)/387. Suppose 0 = -3*c - 4*f + 2758, -4*c + r*c - 4*f = -914. What is the units digit of c?
2
Let r be 3/((2 - 4)/((-20)/6)). Suppose 675 = r*q - i, 46*q - 51*q + 655 = 3*i. What is the hundreds digit of q?
1
Suppose 3*q + 231 = 10*q. Let t = q + -30. Suppose -2*a = -4*k + 400, -2*k + 0*k = t*a - 184. What is the tens digit of k?
9
Let r(a) = -a**3 - 21*a**2 - 20*a + 4. Let g be r(-20). Suppose -5*y - 2447 = -g*f, 2*y - 1720 - 121 = -3*f. What is the tens digit of f?
1
Let i = 18719 + -11511. What is the tens digit of i?
0
Let n(o) = -o**2 - 12*o + 109. Let s be n(5). Suppose -39*r + s*r + 12060 = 0. What is the units digit of r?
4
Let c(l) = l**2 - 2*l - 3. Let t be c(4). Suppose -4*r + 42 = -t*o - 30, 3*o + 18 = r. Suppose -23 = -b + r. What is the tens digit of b?
4
Let q(f) = 18*f**2 - 493 - 490 - 27*f + 986 + 9*f. What is the units digit of q(-5)?
3
Let i = 111 - 129. Let s(k) = 2*k**2 + 29*k + 40. What is the tens digit of s(i)?
6
Let d = -14225 + 23285. What is the hundreds digit of d?
0
Suppose -47*g - 9 + 103 = 0. Suppose 0 = -3*q - 2*u + 36, -5*u = -5 + 20. Suppose g*d = d + q. What is the tens digit of d?
1
Suppose 3*f - 2263 = 4*p, -6*p + 2281 = 3*f - p. Let q = f + -495. What is the tens digit of q?
6
What is the units digit of (-7 - -1 - 8) + 6655?
1
Suppose -24*k + 2592 + 1992 = 0. Suppose -3292 = -9*u + k. What is the hundr